e factors of g(-4).
5
Suppose -3*k + 78 = -78. List the prime factors of k.
2, 13
Suppose 4 = -7*z + 9*z. List the prime factors of 45/z - (-21)/(-14).
3, 7
Let w(v) = v**3 + 0 - 6*v - 3*v + 6*v**2 + 2 + v**2. List the prime factors of w(-8).
2, 5
Suppose 3*a = 90 + 126. What are the prime factors of a?
2, 3
Let l(n) = n**2 - 4*n - 5. What are the prime factors of l(-4)?
3
Let j be (1 + (-1 - -2))*7. Suppose d + 5*x + 5 = -d, 0 = 4*d + 2*x - j. Suppose d*p + 5*a = 2*p + 38, 3*p - 58 = 5*a. List the prime factors of p.
2
Suppose -5*m - 9 = -2*m. Let j = 11 - m. What are the prime factors of j?
2, 7
Let f = -31 - -16. Let c = 24 + f. Let u = c - 3. What are the prime factors of u?
2, 3
Let i = -21 - -50. Let g = i + -5. What are the prime factors of g?
2, 3
Suppose 127 = 3*v - 2*l, 2*l = -v + 5*v - 166. What are the prime factors of v?
3, 13
Let t be (2/(-12))/((-2)/12). Let p(h) = 23*h + 1. List the prime factors of p(t).
2, 3
Let v(p) be the first derivative of -p**5/60 + p**4/2 - 2*p**3 - p**2 - 3. Let d(c) be the second derivative of v(c). List the prime factors of d(9).
3, 5
What are the prime factors of (38/(-4))/(7/(-14))?
19
Suppose 0 = 2*z + 2*z - 3*u - 215, -2*z + u + 105 = 0. Suppose 4*i + 5*b = -7 + z, -2*b = 2*i - 24. What are the prime factors of i?
17
Let t(d) = 26*d - 8. Let a be t(8). Suppose -p = -5*p + a. List the prime factors of p/3 + 2/6.
17
Let b(m) = -2*m**3 - 2*m**2 - 3*m - 3. Let q(s) = 3*s - s - 1 - 3*s**3 + 0*s. Let l be q(1). What are the prime factors of b(l)?
11
Let v(d) = 4*d**2 + 2*d + 1. Let o(c) = c + 2. Let y be o(-3). Let f be v(y). List the prime factors of f + -1 - 1*-5.
7
Suppose 10 + 40 = 5*h. Let n(i) = -7 - 1 - 1 - 3 + 2*i. What are the prime factors of n(h)?
2
Let y(m) = 4*m**2 + 6*m - 4. List the prime factors of y(-4).
2, 3
Let m be 9/((-27)/6) - -6. Suppose -3*d = 0, 0*d - 8 = -4*n - 3*d. Suppose 3*s = -m*l + 21, 0 = -l + n*s - 3*s + 5. What are the prime factors of l?
2, 3
Suppose u + u - 4 = 0. Suppose -u*v - 33 = -3*v. List the prime factors of v.
3, 11
List the prime factors of (-32)/64*1*-254.
127
Suppose -25 - 56 = -4*l + z, 0 = l + 4*z - 33. What are the prime factors of l?
3, 7
Let t(c) = -3*c**3 + c**2. Let j be t(-1). Suppose j*x - 13 - 3 = 4*u, -2 = x - 4*u. List the prime factors of x.
2, 3
Let m = -3 + 5. Suppose 0 = m*f - 0*f - 12. What are the prime factors of f?
2, 3
Suppose m - 2*w - 1 = -3, 4*w - 40 = -4*m. Suppose 50 = 2*y + 3*y. Suppose -m*x + y = -4*x. List the prime factors of x.
5
Let f be -1*(0 + -1) - -4. Let o(d) = d**3 - 3*d**2 - 3*d + 5. Let b be o(f). Suppose 0 = 5*s - s - b. List the prime factors of s.
2, 5
Let a(r) = -8*r**2 - r + 8*r + 2*r**3 - 1 - r**3 + 3. What are the prime factors of a(7)?
2
Suppose 5*m - 297 = 138. List the prime factors of m.
3, 29
Suppose 2*q + 18 = -4*w, 3*q - 2*w + 10 = -17. Let i = q + 23. Suppose 4*s = i + 14. What are the prime factors of s?
7
Suppose -5*b - 35 = -k, 10 = k + 2*b - 4. What are the prime factors of k?
2, 5
Let n(f) = -f**3 - 5*f**2 - 5*f - 1. Let a be n(-4). Suppose 0 = -5*r + 15, 1 = 2*h - 8*r + a*r. Suppose h*c - 13*c = -80. List the prime factors of c.
2
Let y be 214/14 + (-4)/14. Let i be 5/(-2)*(-132)/y. Let w = i + -15. List the prime factors of w.
7
Suppose 16 = 6*z + 2*z. What are the prime factors of z?
2
Suppose -1 = 5*b - 6. Let c be (-1 + 2)/b*-6. Let v(a) = -a - 1. List the prime factors of v(c).
5
Suppose 477 = 3*n - 90. What are the prime factors of n?
3, 7
Let m = -7 + 9. What are the prime factors of (0 + 14)/(m/3)?
3, 7
Let f(v) = -v**2 - 3*v + 3. Let t be f(-3). Let l(p) = p**3 + p + 4 + 2*p - 3*p**2 - p**2 + p**2. List the prime factors of l(t).
13
Suppose -12 = -2*u - 2*m, 5*u = -m - 0*m + 46. Suppose q - 3*q = -u. Suppose q*p - 8 = -4*i, -i - 1 + 0 = 2*p. List the prime factors of i.
7
Let w be (-7)/((-14)/12) + -2. What are the prime factors of 13/w + 2/(-8)?
3
Let s be 10/(1 - (6 + -3)). Let a(q) = q**3 + 6*q**2 + 2*q - 2. What are the prime factors of a(s)?
13
Let l(x) = -40*x + 60. What are the prime factors of l(-5)?
2, 5, 13
Let o = -1 - -1. Suppose -4*l = -3*c + 5*c, o = -4*c + l - 9. List the prime factors of 12 + c + (-2)/2.
3
Suppose -2*y - 3*s + 50 = 0, -y + 24 = 3*s + 5. What are the prime factors of y?
31
Let k = 0 - 2. Let t be ((-7)/k)/((-1)/(-2)). Let z = t - 4. What are the prime factors of z?
3
Let c = -8 + 15. Let k(v) = v**2 - 7*v + 5. List the prime factors of k(c).
5
Let n be 15/6*(-1 - -3). Suppose -n*s + 17 = -13. What are the prime factors of s?
2, 3
List the prime factors of 6*(-2)/(-4) - -30.
3, 11
Suppose 4*f = 454 - 82. Suppose 4*y = -5*p + 115, 3*y - f = p + 2*p. Suppose -6*l + y = -l. What are the prime factors of l?
2, 3
Let o(h) = 4*h - h - 4*h + 7. Suppose -c = 4*c. What are the prime factors of o(c)?
7
Let g = 597 + -402. List the prime factors of g.
3, 5, 13
Let z(s) = 3*s**2 - 2*s + 1. Let b be z(1). Suppose 3*j = b*j - 2, 3*j = 4*a - 42. What are the prime factors of a?
3
Suppose -5*n + 64 = -541. Let s = -75 + n. List the prime factors of s.
2, 23
Let t = -706 + 281. List the prime factors of (8/(-10))/(10/t).
2, 17
Let t = 18 - 13. Suppose -4*i - s + 191 = 0, 4*i - 2*s + t*s - 197 = 0. Suppose i - 1 = 2*m. What are the prime factors of m?
23
Let y(s) = s - 20. Let i be y(0). Let t be 1*(1 + (1 - 32)). Let k = i - t. What are the prime factors of k?
2, 5
Let x(u) = 2*u - 4. Let y be x(6). Let c = 5 + y. What are the prime factors of c?
13
Suppose 2*p - 20 = -4*m, 6 = 5*p - 2*m - 8. Let n = -14 + p. List the prime factors of (14/(-5))/(2/n).
2, 7
Let s = -6 + 8. Suppose -u + s = -2*t, 2 = u - 2. List the prime factors of t/((2 + -5)/(-6)).
2
Let g be (-6)/(-4) - 12/(-24). Suppose 3*v - 14 = 2*x + 81, -g*v + 3*x + 65 = 0. List the prime factors of v.
31
Suppose -3*p = 3*l - 33, 9*p - 2*l = 4*p + 34. List the prime factors of p.
2
Let b be 2/(-4) - (-2)/(-4). Let p be 2*(b - -2) + -3. What are the prime factors of (6/3)/p - -13?
11
Let u(p) be the first derivative of p**3/3 + 3. Let y be u(-2). Let v(q) = 3*q. What are the prime factors of v(y)?
2, 3
Suppose 0 = -0*r - 2*r + 4. Suppose -m - 3*x - 7 = -2, -r*m = 5*x + 7. What are the prime factors of m?
2
Let f(y) = y**2 - 7*y + 1. List the prime factors of f(9).
19
Suppose 0 = 5*b - 2*b - 45. List the prime factors of b.
3, 5
Let b = 7 - 3. Let v = 5 - b. List the prime factors of v + 0 + 1 + 0.
2
Let c be 34/10 + 4/(-10). Let o = c - 1. Suppose -o*p + 17 + 15 = 0. What are the prime factors of p?
2
Let i(c) = -4*c - 4*c - 7 - 2*c**3 + c + 4*c**2 + 2*c. Let k(z) = 5*z**3 - 8*z**2 + 10*z + 15. Let p(j) = 7*i(j) + 3*k(j). List the prime factors of p(-4).
2
Let h(d) = d**2 + d + 16. Let j(t) = t**3 - 5*t**2 - 5*t - 4. Let p be j(6). Suppose 3*c = p*c. List the prime factors of h(c).
2
Let b(o) = -o**3 - 2*o**2 - o - 4. Suppose -8 = 2*m - 2. List the prime factors of b(m).
2
Let h = 6 + -3. Let s(a) = -3*a + h - 10 + 4*a. List the prime factors of s(10).
3
Let t = 68 - 6. List the prime factors of t.
2, 31
Suppose 2*a = -2*a + 4. Suppose 41 = t - 3*j, 3*j = -14 - a. List the prime factors of t.
2, 13
Suppose -2*f - 1 + 5 = 0. Suppose -f*z - 24 = -6*z. List the prime factors of z.
2, 3
Let z(n) = 113*n**2 + n - 1. What are the prime factors of z(1)?
113
Suppose 4*i - 2*u + 16 = 2*u, -2*i = -u + 3. Let m = -5 + i. What are the prime factors of (14/4)/(m/(-16))?
2, 7
Suppose -11*p + 14*p - 642 = 0. What are the prime factors of p?
2, 107
Let o be (93/(-3) - -1)/(-2). What are the prime factors of ((-24)/15)/((-2)/o)?
2, 3
Suppose -2*y + 3*i = y - 942, -5*i = 3*y - 974. List the prime factors of y.
2, 3, 53
What are the prime factors of (-5)/(-40) - 839/(-8)?
3, 5, 7
Suppose 4 = -2*i - 12. Let k = i + 17. What are the prime factors of k?
3
Let f be (-4)/(-16) + 2/(-8). Suppose -3*l + 5 - 2 = f. What are the prime factors of (-4 - l)*(0 + -1)?
5
Suppose 3*i - p - 11 = 0, -33 = -i - 4*i - 2*p. Suppose 0 = 5*l - 10, -9 + 1 = d - i*l. List the prime factors of ((d - 0) + -5)*-4.
2, 3
Suppose -2*i + 173 = 3*p, 2*p = -5*i + 72 + 47. List the prime factors of p.
3, 19
Let k(o) = o**2. Let l be 4 + -7 + (1 - 0). Let j be k(l). Let p = j - 2. List the prime factors of p.
2
What are the prime factors of (-3)/9*-12 - 1*-271?
5, 1